{"id":1247,"date":"2022-06-11T14:28:23","date_gmt":"2022-06-11T20:28:23","guid":{"rendered":"http:\/\/www.grupotai.com\/inicio\/?page_id=1247"},"modified":"2023-01-19T19:49:39","modified_gmt":"2023-01-20T01:49:39","slug":"servoescolar-web","status":"publish","type":"page","link":"https:\/\/www.grupotai.com\/inicio\/servoescolar-web\/","title":{"rendered":"ServoEscolar Web"},"content":{"rendered":"<div class=\"wp-block-group alignwide ext editor:no-inserter ext-py-lg\"><div class=\"wp-block-group__inner-container is-layout-flow wp-block-group-is-layout-flow\"><div class=\"wp-block-columns are-vertically-aligned-center is-not-stacked-on-mobile ext-mb-lg is-layout-flex wp-container-core-columns-is-layout-1 wp-block-columns-is-layout-flex\"><div class=\"wp-block-column is-vertically-aligned-center editor:no-inserter ext-m-0 ext-flex is-layout-flow wp-block-column-is-layout-flow\"><div class=\"wp-block-image editor:no-caption ext-mb-0 ext--ml-base is-style-default\"><figure class=\"aligncenter size-large is-resized\"><img loading=\"lazy\" decoding=\"async\" src=\"https:\/\/images.unsplash.com\/photo-1454165804606-c3d57bc86b40?w=1600&amp;h=2133&amp;crop=entropy,faces&amp;fit=crop\" alt=\"\" width=\"407\" height=\"542\"\/><\/figure><\/div>\n\n<div class=\"wp-block-image editor:no-caption ext-mb-0 ext--mr-base ext-mt-base tablet:ext-mt-lg\"><figure class=\"aligncenter size-large is-resized\"><img loading=\"lazy\" decoding=\"async\" src=\"https:\/\/images.unsplash.com\/photo-1505330622279-bf7d7fc918f4?w=1600&amp;h=2133&amp;crop=entropy,faces&amp;fit=crop\" alt=\"\" width=\"423\" height=\"564\"\/><\/figure><\/div><\/div><\/div>\n\n<div class=\"wp-block-group editor:no-inserter\"><div class=\"wp-block-group__inner-container is-layout-flow wp-block-group-is-layout-flow\"><p class=\"has-text-align-center ext-mt-0 ext-mb-base\"><strong>\u201cEs la Plataforma de Automatizaci\u00f3n para Colegios y Universidades que permite integrar los procesos de Control Escolar y Administrativo de su Instituci\u00f3n.\u201d<\/strong><\/p>\n\n<div class=\"wp-block-buttons is-content-justification-center is-layout-flex wp-block-buttons-is-layout-flex\"><div class=\"wp-block-button is-style-fill\"><a class=\"wp-block-button__link wp-element-button\">Ver M\u00f3dulos<\/a><\/div><\/div><\/div><\/div><\/div><\/div><div class=\"wp-block-group alignfull ext editor:no-inserter has-background ext-pb-0 ext-pt-lg\"><div class=\"wp-block-group__inner-container is-layout-flow wp-block-group-is-layout-flow\"><div class=\"wp-block-group alignwide editor:no-inserter ext-my-0 ext-grid ext-items-end ext-grid-cols-12\"><div class=\"wp-block-group__inner-container is-layout-flow wp-block-group-is-layout-flow\"><div class=\"wp-block-image editor:no-resize editor:no-caption z-0 ext-p-0 ext-m-0 ext-col-start-1 ext-row-start-1 ext-row-end-2 ext-col-end-8\"><figure class=\"aligncenter size-large is-resized\"><img loading=\"lazy\" decoding=\"async\" src=\"https:\/\/images.unsplash.com\/photo-1521791136064-7986c2920216?w=1400&amp;h=1050&amp;crop=entropy,faces&amp;fit=crop\" alt=\"\" width=\"432\" height=\"323\"\/><\/figure><\/div>\n\n<div class=\"wp-block-image editor:no-caption editor:no-resize bring-to-front ext-p-0 ext-m-0 ext-row-start-1 ext-row-end-2 ext-col-start-3 ext-col-end-11\"><figure class=\"aligncenter size-large is-resized\"><img loading=\"lazy\" decoding=\"async\" src=\"https:\/\/images.unsplash.com\/photo-1518611507436-f9221403cca2?w=1400&amp;h=1150&amp;crop=entropy,faces&amp;fit=crop\" alt=\"\" width=\"433\" height=\"355\"\/><\/figure><\/div>\n\n<div class=\"wp-block-image editor:no-caption editor:no-resize z-0 ext-p-0 ext-m-0 ext-row-start-1 ext-row-end-2 ext-col-end-13 ext-col-start-6\"><figure class=\"aligncenter size-large is-resized\"><img loading=\"lazy\" decoding=\"async\" src=\"https:\/\/images.unsplash.com\/photo-1573496130407-57329f01f769?w=1400&amp;h=1050&amp;crop=entropy,faces&amp;fit=crop\" alt=\"\" width=\"438\" height=\"328\"\/><\/figure><\/div><\/div><\/div><\/div><\/div><div class=\"wp-block-group\"><div class=\"wp-block-group__inner-container is-layout-flow wp-block-group-is-layout-flow\"><\/div><\/div><div class=\"wp-block-group alignfull ext editor:no-inserter tablet:ext-py-lg\"><div class=\"wp-block-group__inner-container is-layout-flow wp-block-group-is-layout-flow\"><div class=\"wp-block-columns alignwide tablet:fullwidth-cols ext-mt-0 is-layout-flex wp-container-core-columns-is-layout-2 wp-block-columns-is-layout-flex\"><div class=\"wp-block-column ext-my-0 is-layout-flow wp-block-column-is-layout-flow\"><h2 class=\"ext-mt-0 ext-mb-base has-ext-large-font-size wp-block-heading\" id=\"our-mission\">Consultor\u00eda para la Administraci\u00f3n<\/h2>\n\n<p class=\"ext-mt-0 ext-mb-base ext-pb-base has-ext-medium-font-size\">Nuestros servicios de consultor\u00eda se enfocan en los asuntos m\u00e1s cr\u00edticos de la administraci\u00f3n escolar, ayudando a identificar oportunidades con los servicios de cobranza, apoyados de tecnolog\u00eda innovadora.<\/p><\/div>\n\n<div class=\"wp-block-column editor:no-inserter ext-m-0 ext-p-0 is-layout-flow wp-block-column-is-layout-flow\"><\/div><\/div>\n\n<div class=\"wp-block-columns alignwide editor:no-inserter ext-my-base is-layout-flex wp-container-core-columns-is-layout-4 wp-block-columns-is-layout-flex\"><div class=\"wp-block-column editor:no-inserter is-layout-flow wp-block-column-is-layout-flow\"><div class=\"wp-block-columns is-layout-flex wp-container-core-columns-is-layout-3 wp-block-columns-is-layout-flex\"><div class=\"wp-block-column is-layout-flow wp-block-column-is-layout-flow\" style=\"flex-basis:100%\"><div class=\"wp-block-image\"><figure class=\"aligncenter size-large is-resized\"><img loading=\"lazy\" decoding=\"async\" src=\"https:\/\/images.unsplash.com\/photo-1488998527040-85054a85150e?w=1600&amp;h=1200&amp;crop=entropy,faces&amp;fit=crop\" alt=\"\" width=\"424\" height=\"317\"\/><\/figure><\/div><\/div><\/div><\/div><\/div>\n\n<div class=\"wp-block-columns alignwide tablet:fullwidth-cols ext-mb-0 is-layout-flex wp-container-core-columns-is-layout-5 wp-block-columns-is-layout-flex\"><div class=\"wp-block-column editor:no-inserter ext-ml-0 ext-mt-base is-layout-flow wp-block-column-is-layout-flow\"><p>Contamos con tecnolog\u00eda de punta sincronizada con bancos e instituciones financieras, mediante navegadores y apps<\/p>\n\n<div class=\"wp-block-buttons is-layout-flex wp-block-buttons-is-layout-flex\"><div class=\"wp-block-button is-style-fill\"><a class=\"wp-block-button__link wp-element-button\">Inicia aqu\u00ed<\/a><\/div><\/div><\/div><\/div><\/div><\/div><div class=\"wp-block-columns are-vertically-aligned-center desktop:fullwidth-cols ext-my-0 is-layout-flex wp-container-core-columns-is-layout-6 wp-block-columns-is-layout-flex\"><div class=\"wp-block-column is-vertically-aligned-center is-layout-flow wp-block-column-is-layout-flow\"><h2 class=\"has-text-align-center text-stroke ext-mt-0 ext-mb-base has-ext-gigantic-font-size wp-block-heading\" id=\"100\">100+<\/h2>\n\n<p class=\"has-text-align-center has-ext-small-font-size\">Top-rated consultants<\/p><\/div>\n\n<div class=\"wp-block-column is-vertically-aligned-center is-layout-flow wp-block-column-is-layout-flow\"><h2 class=\"has-text-align-center text-stroke ext-mb-base ext-mt-0 has-ext-gigantic-font-size wp-block-heading\" id=\"55\">55<\/h2>\n\n<p class=\"has-text-align-center has-ext-small-font-size\">Testimoniales<\/p><\/div>\n\n<div class=\"wp-block-column is-vertically-aligned-center is-layout-flow wp-block-column-is-layout-flow\"><h2 class=\"has-text-align-center text-stroke ext-mt-0 ext-mb-base has-ext-gigantic-font-size wp-block-heading\" id=\"4\">4<\/h2>\n\n<p class=\"has-text-align-center has-ext-small-font-size\">Our portfolio<\/p><\/div><\/div><div class=\"wp-block-group alignfull ext editor:no-inserter has-background ext-py-lg ext-my-0\"><div class=\"wp-block-group__inner-container is-layout-flow wp-block-group-is-layout-flow\"><div class=\"wp-block-group alignwide editor:no-inserter ext-my-0 ext-grid ext-items-end ext-grid-cols-12\"><div class=\"wp-block-group__inner-container is-layout-flow wp-block-group-is-layout-flow\"><div class=\"wp-block-image editor:no-resize editor:no-caption z-0 ext-p-0 ext-m-0 ext-col-start-1 ext-row-start-1 ext-row-end-2 ext-col-end-8\"><figure class=\"alignleft size-large is-resized\"><img loading=\"lazy\" decoding=\"async\" src=\"https:\/\/images.unsplash.com\/photo-1478186014654-5a7e3898daa5?w=1600&amp;h=1200&amp;crop=entropy,faces&amp;fit=crop\" alt=\"\" width=\"423\" height=\"317\"\/><\/figure><\/div>\n\n<div class=\"wp-block-image editor:no-caption editor:no-resize bring-to-front ext-p-0 ext-m-0 ext-row-start-1 ext-row-end-2 ext-col-start-3 ext-col-end-11\"><figure class=\"aligncenter size-large is-resized\"><img loading=\"lazy\" decoding=\"async\" src=\"https:\/\/images.unsplash.com\/photo-1552793494-111afe03d0ca?w=1600&amp;h=1200&amp;crop=entropy,faces&amp;fit=crop\" alt=\"\" width=\"423\" height=\"317\"\/><\/figure><\/div>\n\n<div class=\"wp-block-image editor:no-caption editor:no-resize z-0 ext-p-0 ext-m-0 ext-row-start-1 ext-row-end-2 ext-col-end-13 ext-col-start-6\"><figure class=\"alignright size-large is-resized\"><img loading=\"lazy\" decoding=\"async\" src=\"https:\/\/images.unsplash.com\/photo-1590650516494-0c8e4a4dd67e?w=1600&amp;h=1200&amp;crop=entropy,faces&amp;fit=crop\" alt=\"\" width=\"420\" height=\"314\"\/><\/figure><\/div><\/div><\/div>\n\n<div class=\"wp-block-columns is-not-stacked-on-mobile ext-mt-base tablet:ext-pt-base editor:no-inserter is-layout-flex wp-container-core-columns-is-layout-7 wp-block-columns-is-layout-flex\"><div class=\"wp-block-column is-vertically-aligned-center editor:no-inserter is-layout-flow wp-block-column-is-layout-flow\"><h2 class=\"has-text-align-center ext-mt-0 ext-mb-base has-ext-large-font-size wp-block-heading\" id=\"features-you-ll-love\">Consultores Profesionales<\/h2>\n\n<p class=\"has-text-align-center ext-mt-0 ext-mb-base\">Nuestro personal se encuentra certificado por el fabricante para ofrecer implementaciones de acuerdo a sus necesidades. Con ServoEscolar Web alcanzar\u00e1 su meta de cobranza y de atenci\u00f3n con la comunidad educativa.<\/p>\n\n<div class=\"wp-block-buttons alignwide is-layout-flex wp-block-buttons-is-layout-flex\"><div class=\"wp-block-button aligncenter\"><a class=\"wp-block-button__link wp-element-button\">M\u00e1s Info.<\/a><\/div><\/div><\/div><\/div><\/div><\/div>","protected":false},"excerpt":{"rendered":"<p>\u201cEs la Plataforma de Automatizaci\u00f3n para Colegios y Universidades que permite integrar los procesos de Control Escolar y Administrativo de su Instituci\u00f3n.\u201d Consultor\u00eda para la Administraci\u00f3n Nuestros servicios de consultor\u00eda se enfocan en los asuntos m\u00e1s cr\u00edticos de la administraci\u00f3n escolar, ayudando a identificar oportunidades con los servicios de cobranza, apoyados de tecnolog\u00eda innovadora. Contamos &hellip; <a href=\"https:\/\/www.grupotai.com\/inicio\/servoescolar-web\/\" class=\"more-link\">Seguir leyendo <span class=\"screen-reader-text\">ServoEscolar Web<\/span> <span class=\"meta-nav\">&rarr;<\/span><\/a><\/p>\n","protected":false},"author":1,"featured_media":1244,"parent":0,"menu_order":0,"comment_status":"closed","ping_status":"closed","template":"","meta":{"content-type":"","footnotes":""},"class_list":["post-1247","page","type-page","status-publish","has-post-thumbnail","hentry"],"jetpack_sharing_enabled":true,"_links":{"self":[{"href":"https:\/\/www.grupotai.com\/inicio\/wp-json\/wp\/v2\/pages\/1247"}],"collection":[{"href":"https:\/\/www.grupotai.com\/inicio\/wp-json\/wp\/v2\/pages"}],"about":[{"href":"https:\/\/www.grupotai.com\/inicio\/wp-json\/wp\/v2\/types\/page"}],"author":[{"embeddable":true,"href":"https:\/\/www.grupotai.com\/inicio\/wp-json\/wp\/v2\/users\/1"}],"replies":[{"embeddable":true,"href":"https:\/\/www.grupotai.com\/inicio\/wp-json\/wp\/v2\/comments?post=1247"}],"version-history":[{"count":9,"href":"https:\/\/www.grupotai.com\/inicio\/wp-json\/wp\/v2\/pages\/1247\/revisions"}],"predecessor-version":[{"id":1263,"href":"https:\/\/www.grupotai.com\/inicio\/wp-json\/wp\/v2\/pages\/1247\/revisions\/1263"}],"wp:featuredmedia":[{"embeddable":true,"href":"https:\/\/www.grupotai.com\/inicio\/wp-json\/wp\/v2\/media\/1244"}],"wp:attachment":[{"href":"https:\/\/www.grupotai.com\/inicio\/wp-json\/wp\/v2\/media?parent=1247"}],"curies":[{"name":"wp","href":"https:\/\/api.w.org\/{rel}","templated":true}]}}