{"id":2,"date":"2013-08-16T10:18:28","date_gmt":"2013-08-16T10:18:28","guid":{"rendered":"http:\/\/www.grupotai.com\/inicio\/?page_id=2"},"modified":"2022-06-11T13:20:04","modified_gmt":"2022-06-11T19:20:04","slug":"about","status":"publish","type":"page","link":"https:\/\/www.grupotai.com\/inicio\/","title":{"rendered":"Nuestra Empresa"},"content":{"rendered":"<figure class=\"wp-block-image size-large is-resized\"><img loading=\"lazy\" decoding=\"async\" src=\"https:\/\/www.grupotai.com\/inicio\/wp-content\/uploads\/2022\/06\/GRUPO-TAI-2.jpg\" alt=\"\" class=\"wp-image-1231\" width=\"193\" height=\"132\" srcset=\"https:\/\/www.grupotai.com\/inicio\/wp-content\/uploads\/2022\/06\/GRUPO-TAI-2.jpg 440w, https:\/\/www.grupotai.com\/inicio\/wp-content\/uploads\/2022\/06\/GRUPO-TAI-2-300x205.jpg 300w\" sizes=\"(max-width: 193px) 100vw, 193px\" \/><figcaption>Tecnolog\u00eda Avanzada de Informaci\u00f3n<\/figcaption><\/figure><h2><strong>\u00bfQui\u00e9nes Somos?<\/strong><\/h2>\n<h5>Establecido en 1989 en la ciudad de Oaxaca, <strong>GRUPO TAI<\/strong> ha sido pionero en la entrega de soluciones inform\u00e1ticas empresariales.<\/h5>\n<h5>Somos una empresa de Asesores Expertos en Inform\u00e1tica, brindando soluciones\u00a0de automatizaci\u00f3n, control y seguridad que permiten al sector empresarial PYME y al sector EDUCATIVO mayor productividad en las operaciones cotidianas.<\/h5>\n<p><!--more--><\/p>\n<h5>Contamos con \u00a0alianzas de proveedores inform\u00e1ticos l\u00edderes a nivel nacional e internacional, lo que nos permite garantizar las soluciones de equipos y servicios como garant\u00eda, implantaci\u00f3n y soporte.<\/h5>\n<hr \/>\n<h2><strong>Misi\u00f3n<\/strong><\/h2>\n<h5>Brindar servicios y soluciones tecnol\u00f3gicas innovadoras a trav\u00e9s de asesores certificados para lograr mayor productividad en las empresas.<\/h5>\n<div>\u00a0<\/div>\n<hr \/>\n<h2><strong>Visi\u00f3n<\/strong><\/h2>\n<h5>Empresa l\u00edder, especialista en inform\u00e1tica y computaci\u00f3n, reconocida por su excelencia y calidad, comprometida con sus clientes, brind\u00e1ndoles servicios confiables que les apoyen a mejorar su productividad.<\/h5>","protected":false},"excerpt":{"rendered":"<p>\u00bfQui\u00e9nes Somos? Establecido en 1989 en la ciudad de Oaxaca, GRUPO TAI ha sido pionero en la entrega de soluciones inform\u00e1ticas empresariales. Somos una empresa de Asesores Expertos en Inform\u00e1tica, brindando soluciones\u00a0de automatizaci\u00f3n, control y seguridad que permiten al sector empresarial PYME y al sector EDUCATIVO mayor productividad en las operaciones cotidianas.<\/p>\n","protected":false},"author":1,"featured_media":0,"parent":0,"menu_order":0,"comment_status":"open","ping_status":"open","template":"","meta":{"content-type":"","footnotes":""},"class_list":["post-2","page","type-page","status-publish","hentry"],"jetpack_sharing_enabled":true,"_links":{"self":[{"href":"https:\/\/www.grupotai.com\/inicio\/wp-json\/wp\/v2\/pages\/2"}],"collection":[{"href":"https:\/\/www.grupotai.com\/inicio\/wp-json\/wp\/v2\/pages"}],"about":[{"href":"https:\/\/www.grupotai.com\/inicio\/wp-json\/wp\/v2\/types\/page"}],"author":[{"embeddable":true,"href":"https:\/\/www.grupotai.com\/inicio\/wp-json\/wp\/v2\/users\/1"}],"replies":[{"embeddable":true,"href":"https:\/\/www.grupotai.com\/inicio\/wp-json\/wp\/v2\/comments?post=2"}],"version-history":[{"count":20,"href":"https:\/\/www.grupotai.com\/inicio\/wp-json\/wp\/v2\/pages\/2\/revisions"}],"predecessor-version":[{"id":1234,"href":"https:\/\/www.grupotai.com\/inicio\/wp-json\/wp\/v2\/pages\/2\/revisions\/1234"}],"wp:attachment":[{"href":"https:\/\/www.grupotai.com\/inicio\/wp-json\/wp\/v2\/media?parent=2"}],"curies":[{"name":"wp","href":"https:\/\/api.w.org\/{rel}","templated":true}]}}